{"id":191,"date":"2024-06-10T18:51:11","date_gmt":"2024-06-10T18:51:11","guid":{"rendered":"https:\/\/dejanvivod.com\/?page_id=191"},"modified":"2024-06-14T09:21:21","modified_gmt":"2024-06-14T09:21:21","slug":"o-meni","status":"publish","type":"page","link":"https:\/\/dejanvivod.com\/index.php\/o-meni\/","title":{"rendered":"O meni"},"content":{"rendered":"\t\t<div data-elementor-type=\"wp-page\" data-elementor-id=\"191\" class=\"elementor elementor-191\" data-elementor-post-type=\"page\">\n\t\t\t\t<div class=\"elementor-element elementor-element-df8b4ae e-flex e-con-boxed e-con e-parent\" data-id=\"df8b4ae\" data-element_type=\"container\" data-settings=\"{&quot;background_background&quot;:&quot;classic&quot;,&quot;shape_divider_bottom&quot;:&quot;pyramids&quot;,&quot;shape_divider_bottom_negative&quot;:&quot;yes&quot;}\">\n\t\t\t\t\t<div class=\"e-con-inner\">\n\t\t\t\t<div class=\"elementor-shape elementor-shape-bottom\" data-negative=\"true\">\n\t\t\t<svg xmlns=\"http:\/\/www.w3.org\/2000\/svg\" viewBox=\"0 0 1000 100\" preserveAspectRatio=\"none\">\n\t<path class=\"elementor-shape-fill\" d=\"M761.9,40.6L643.1,24L333.9,93.8L0.1,1H0v99h1000V1\"\/>\n<\/svg>\t\t<\/div>\n\t\t\t\t<div class=\"elementor-element elementor-element-0c740bf elementor-widget elementor-widget-spacer\" data-id=\"0c740bf\" data-element_type=\"widget\" data-widget_type=\"spacer.default\">\n\t\t\t\t<div class=\"elementor-widget-container\">\n\t\t\t<style>\/*! elementor - v3.21.0 - 26-05-2024 *\/\n.elementor-column .elementor-spacer-inner{height:var(--spacer-size)}.e-con{--container-widget-width:100%}.e-con-inner>.elementor-widget-spacer,.e-con>.elementor-widget-spacer{width:var(--container-widget-width,var(--spacer-size));--align-self:var(--container-widget-align-self,initial);--flex-shrink:0}.e-con-inner>.elementor-widget-spacer>.elementor-widget-container,.e-con>.elementor-widget-spacer>.elementor-widget-container{height:100%;width:100%}.e-con-inner>.elementor-widget-spacer>.elementor-widget-container>.elementor-spacer,.e-con>.elementor-widget-spacer>.elementor-widget-container>.elementor-spacer{height:100%}.e-con-inner>.elementor-widget-spacer>.elementor-widget-container>.elementor-spacer>.elementor-spacer-inner,.e-con>.elementor-widget-spacer>.elementor-widget-container>.elementor-spacer>.elementor-spacer-inner{height:var(--container-widget-height,var(--spacer-size))}.e-con-inner>.elementor-widget-spacer.elementor-widget-empty,.e-con>.elementor-widget-spacer.elementor-widget-empty{position:relative;min-height:22px;min-width:22px}.e-con-inner>.elementor-widget-spacer.elementor-widget-empty .elementor-widget-empty-icon,.e-con>.elementor-widget-spacer.elementor-widget-empty .elementor-widget-empty-icon{position:absolute;top:0;bottom:0;left:0;right:0;margin:auto;padding:0;width:22px;height:22px}<\/style>\t\t<div class=\"elementor-spacer\">\n\t\t\t<div class=\"elementor-spacer-inner\"><\/div>\n\t\t<\/div>\n\t\t\t\t<\/div>\n\t\t\t\t<\/div>\n\t\t\t\t\t<\/div>\n\t\t\t\t<\/div>\n\t\t<div class=\"elementor-element elementor-element-807a000 e-flex e-con-boxed e-con e-parent\" data-id=\"807a000\" data-element_type=\"container\" data-settings=\"{&quot;background_background&quot;:&quot;classic&quot;}\">\n\t\t\t\t\t<div class=\"e-con-inner\">\n\t\t<div class=\"elementor-element elementor-element-b4c895c e-con-full e-flex e-con e-child\" data-id=\"b4c895c\" data-element_type=\"container\">\n\t\t\t\t<div class=\"elementor-element elementor-element-0a01894 elementor-widget elementor-widget-text-editor\" data-id=\"0a01894\" data-element_type=\"widget\" data-widget_type=\"text-editor.default\">\n\t\t\t\t<div class=\"elementor-widget-container\">\n\t\t\t<style>\/*! elementor - v3.21.0 - 26-05-2024 *\/\n.elementor-widget-text-editor.elementor-drop-cap-view-stacked .elementor-drop-cap{background-color:#69727d;color:#fff}.elementor-widget-text-editor.elementor-drop-cap-view-framed .elementor-drop-cap{color:#69727d;border:3px solid;background-color:transparent}.elementor-widget-text-editor:not(.elementor-drop-cap-view-default) .elementor-drop-cap{margin-top:8px}.elementor-widget-text-editor:not(.elementor-drop-cap-view-default) .elementor-drop-cap-letter{width:1em;height:1em}.elementor-widget-text-editor .elementor-drop-cap{float:left;text-align:center;line-height:1;font-size:50px}.elementor-widget-text-editor .elementor-drop-cap-letter{display:inline-block}<\/style>\t\t\t\t<p>Ja, kaj naj re\u010dem? Vedno je najte\u017eje povedati kaj o sebi \u2026<\/p><p>Za\u010delo se je nekako tako. Prihajam iz dru\u017eine, ki je bila vedno predana \u00bbfuzbalu\u00ab in v otro\u0161tvu nisem niti pomislil, da bi se ukvarjal\u00a0 s \u010dim drugim kot nogometom, kaj \u0161ele z glasbo. Na kak\u0161nih dru\u017einskih praznovanjih, avtobusih itd \u2026 sem \u017ee kak\u0161no zapel, ampak dlje od nogometa nisem videl. Spomnim pa se, da sem v 3. razredu, ko so me vpra\u0161ali, kaj bom, ko bom velik, rekel, da bi \u017eelel postati pevec. Niti sam ne vem, zakaj sem tako odgovoril.<\/p><p>Vse pa se je spremenilo, ko sem se leta 2004 prijavil na pevsko tekmovanje Bodi idol. Takrat sem tudi prvi\u010d prijel mikrofon v roke. O\u010ditno ni bilo tako slabo, saj so me izbrali med 12 finalistov, kjer sem nastopal v oddaji in vsak teden napredoval, vse do kon\u010dnega finala, kjer sem kon\u010dal kot \u00bbmoralni\u00ab zmagovalec.<\/p><p>Po letu oz. dveh iskanja samega sebe sem spoznal glasbenika, avtorja in producenta Francija Zabukovca, s katerim sva ustvarila in posnela pesem Pojemo o morju soncu, s katero sem nastopil na Melodijah morja in sonca 2006 in zasedel kon\u010dno 10. mesto. Naslednje leto sem nastopil tudi na slovenskem izboru za pesem Evrovizije in zasedel 7. mesto.<\/p><p>Kljub dokaj obetavnim za\u010detkom v glasbi, sem bil vseskozi razpet med \u0161portom in glasbo. Odlo\u010dil sem se, da dam prednost \u0161portu, korenine so le korenine. Vmes sem tudi na\u0161el slu\u017ebo in si ustvaril dru\u017eino. \u0160e vedno pa sem ostal v stiku z glasbo, napisal in posnel nekaj pesmi in kadar ni bilo \u0161porta, \u0161el tudi na kak\u0161en \u0161pil.<\/p><p>V \u010dasu korone pa se je v meni zopet prebudila \u017eelja po ustvarjanju. \u00a0\u0160porta ni bilo, dnevi so bili dolgi in tako sem nekega ve\u010dera prijel kitaro in ustvaril nekaj pesmi. Prvi\u010d kot avtor glasbe in besedil. Vse skupaj sem posnel v studiu, kjer so mi kot aran\u017eerji in producenti pomagali odli\u010dni glasbeniki: Franci Zabukovec, Dejan Dimec, Luka Krof in Gorazd \u010cepin.<\/p><p>Posneto sem se odlo\u010dil predstaviti na USB albumu s simbolnim naslovom \u00bbDa ne ostane skrito\u00ab.<\/p><p>S spremljevalnim ansamblom in glasbenimi gosti se bomo v spro\u0161\u010denem vzdu\u0161ju dru\u017eili na koncertu na prireditvenem prostoru \u00bbLukna\u00ab, ki je tudi kraj mojega otro\u0161tva. Album je delo dveh \u017eivljenjskih obdobij \u2013 20 let nazaj, ko sem prvi\u010d\u00a0stal na odru, in obdobja sedaj, ko sem ponovno na\u0161el \u010das za glasbo.<\/p><p>Brez pretiranih ciljev, pri\u010dakovanj, kaj bo prinesla prihodnost \u2026 za srce in du\u0161o \u2026 Mogo\u010de pa bodo pesmi komu celo v\u0161e\u010d!<\/p>\t\t\t\t\t\t<\/div>\n\t\t\t\t<\/div>\n\t\t\t\t<\/div>\n\t\t<div class=\"elementor-element elementor-element-ccc6893 e-con-full e-flex e-con e-child\" data-id=\"ccc6893\" data-element_type=\"container\">\n\t\t\t\t<div class=\"elementor-element elementor-element-30f081e elementor-widget elementor-widget-image\" data-id=\"30f081e\" data-element_type=\"widget\" data-widget_type=\"image.default\">\n\t\t\t\t<div class=\"elementor-widget-container\">\n\t\t\t<style>\/*! elementor - v3.21.0 - 26-05-2024 *\/\n.elementor-widget-image{text-align:center}.elementor-widget-image a{display:inline-block}.elementor-widget-image a img[src$=\".svg\"]{width:48px}.elementor-widget-image img{vertical-align:middle;display:inline-block}<\/style>\t\t\t\t\t\t\t\t\t\t<img fetchpriority=\"high\" decoding=\"async\" width=\"1554\" height=\"1034\" src=\"https:\/\/dejanvivod.com\/wp-content\/uploads\/2024\/06\/ozadje-vivod.webp\" class=\"elementor-animation-float attachment-full size-full wp-image-481\" alt=\"\" srcset=\"https:\/\/dejanvivod.com\/wp-content\/uploads\/2024\/06\/ozadje-vivod.webp 1554w, https:\/\/dejanvivod.com\/wp-content\/uploads\/2024\/06\/ozadje-vivod-300x200.webp 300w, https:\/\/dejanvivod.com\/wp-content\/uploads\/2024\/06\/ozadje-vivod-1024x681.webp 1024w, https:\/\/dejanvivod.com\/wp-content\/uploads\/2024\/06\/ozadje-vivod-768x511.webp 768w, https:\/\/dejanvivod.com\/wp-content\/uploads\/2024\/06\/ozadje-vivod-1536x1022.webp 1536w\" sizes=\"(max-width: 1554px) 100vw, 1554px\" \/>\t\t\t\t\t\t\t\t\t\t\t\t\t<\/div>\n\t\t\t\t<\/div>\n\t\t\t\t<\/div>\n\t\t\t\t\t<\/div>\n\t\t\t\t<\/div>\n\t\t<div class=\"elementor-element elementor-element-59840bb e-flex e-con-boxed e-con e-parent\" data-id=\"59840bb\" data-element_type=\"container\">\n\t\t\t\t\t<div class=\"e-con-inner\">\n\t\t\t\t<div class=\"elementor-element elementor-element-51bd216 elementor-widget elementor-widget-shortcode\" data-id=\"51bd216\" data-element_type=\"widget\" data-widget_type=\"shortcode.default\">\n\t\t\t\t<div class=\"elementor-widget-container\">\n\t\t\t\t\t<div class=\"elementor-shortcode\">\t\t<div data-elementor-type=\"container\" data-elementor-id=\"615\" class=\"elementor elementor-615\" data-elementor-post-type=\"elementor_library\">\n\t\t\t\t<div class=\"elementor-element elementor-element-6c48930 e-flex e-con-boxed e-con e-parent\" data-id=\"6c48930\" data-element_type=\"container\">\n\t\t\t\t\t<div class=\"e-con-inner\">\n\t\t\t\t<div class=\"elementor-element elementor-element-39cad79 elementor-widget__width-initial elementor-fixed verti1 elementor-widget elementor-widget-button\" data-id=\"39cad79\" data-element_type=\"widget\" data-settings=\"{&quot;_position&quot;:&quot;fixed&quot;}\" data-widget_type=\"button.default\">\n\t\t\t\t<div class=\"elementor-widget-container\">\n\t\t\t\t\t<div class=\"elementor-button-wrapper\">\n\t\t\t<a class=\"elementor-button elementor-button-link elementor-size-xs elementor-animation-grow\" href=\"https:\/\/dejanvivod.com\/index.php\/pesmi\/\">\n\t\t\t\t\t\t<span class=\"elementor-button-content-wrapper\">\n\t\t\t\t\t\t\t\t\t<span class=\"elementor-button-text\">PESMI<\/span>\n\t\t\t\t\t<\/span>\n\t\t\t\t\t<\/a>\n\t\t<\/div>\n\t\t\t\t<\/div>\n\t\t\t\t<\/div>\n\t\t\t\t<div class=\"elementor-element elementor-element-9a56299 elementor-widget__width-initial elementor-fixed verti1 elementor-widget elementor-widget-button\" data-id=\"9a56299\" data-element_type=\"widget\" data-settings=\"{&quot;_position&quot;:&quot;fixed&quot;}\" data-widget_type=\"button.default\">\n\t\t\t\t<div class=\"elementor-widget-container\">\n\t\t\t\t\t<div class=\"elementor-button-wrapper\">\n\t\t\t<a class=\"elementor-button elementor-button-link elementor-size-xs elementor-animation-grow\" href=\"https:\/\/dejanvivod.com\/index.php\/kontakt\/\">\n\t\t\t\t\t\t<span class=\"elementor-button-content-wrapper\">\n\t\t\t\t\t\t\t\t\t<span class=\"elementor-button-text\">KONTAKT<\/span>\n\t\t\t\t\t<\/span>\n\t\t\t\t\t<\/a>\n\t\t<\/div>\n\t\t\t\t<\/div>\n\t\t\t\t<\/div>\n\t\t\t\t<div class=\"elementor-element elementor-element-6729898 elementor-widget__width-initial elementor-fixed verti1 elementor-widget elementor-widget-button\" data-id=\"6729898\" data-element_type=\"widget\" data-settings=\"{&quot;_position&quot;:&quot;fixed&quot;}\" data-widget_type=\"button.default\">\n\t\t\t\t<div class=\"elementor-widget-container\">\n\t\t\t\t\t<div class=\"elementor-button-wrapper\">\n\t\t\t<a class=\"elementor-button elementor-button-link elementor-size-xs elementor-animation-grow\" href=\"https:\/\/dejanvivod.com\/index.php\/o-meni\/\">\n\t\t\t\t\t\t<span class=\"elementor-button-content-wrapper\">\n\t\t\t\t\t\t\t\t\t<span class=\"elementor-button-text\">O MENI<\/span>\n\t\t\t\t\t<\/span>\n\t\t\t\t\t<\/a>\n\t\t<\/div>\n\t\t\t\t<\/div>\n\t\t\t\t<\/div>\n\t\t\t\t<div class=\"elementor-element elementor-element-f7a8221 elementor-widget__width-initial elementor-fixed verti1 elementor-widget elementor-widget-button\" data-id=\"f7a8221\" data-element_type=\"widget\" data-settings=\"{&quot;_position&quot;:&quot;fixed&quot;}\" data-widget_type=\"button.default\">\n\t\t\t\t<div class=\"elementor-widget-container\">\n\t\t\t\t\t<div class=\"elementor-button-wrapper\">\n\t\t\t<a class=\"elementor-button elementor-button-link elementor-size-xs elementor-animation-grow\" href=\"https:\/\/dejanvivod.com\/\">\n\t\t\t\t\t\t<span class=\"elementor-button-content-wrapper\">\n\t\t\t\t\t\t\t\t\t<span class=\"elementor-button-text\">NASLOVNA<\/span>\n\t\t\t\t\t<\/span>\n\t\t\t\t\t<\/a>\n\t\t<\/div>\n\t\t\t\t<\/div>\n\t\t\t\t<\/div>\n\t\t\t\t<div class=\"elementor-element elementor-element-1db2451 elementor-widget__width-initial elementor-fixed verti1 elementor-widget elementor-widget-button\" data-id=\"1db2451\" data-element_type=\"widget\" data-settings=\"{&quot;_position&quot;:&quot;fixed&quot;}\" data-widget_type=\"button.default\">\n\t\t\t\t<div class=\"elementor-widget-container\">\n\t\t\t\t\t<div class=\"elementor-button-wrapper\">\n\t\t\t<a class=\"elementor-button elementor-button-link elementor-size-xs elementor-animation-grow\" href=\"https:\/\/dejanvivod.com\/index.php\/sponzorji\/\">\n\t\t\t\t\t\t<span class=\"elementor-button-content-wrapper\">\n\t\t\t\t\t\t\t\t\t<span class=\"elementor-button-text\">SPONZORJI<\/span>\n\t\t\t\t\t<\/span>\n\t\t\t\t\t<\/a>\n\t\t<\/div>\n\t\t\t\t<\/div>\n\t\t\t\t<\/div>\n\t\t\t\t\t<\/div>\n\t\t\t\t<\/div>\n\t\t\t\t<\/div>\n\t\t<\/div>\n\t\t\t\t<\/div>\n\t\t\t\t<\/div>\n\t\t\t\t\t<\/div>\n\t\t\t\t<\/div>\n\t\t\t\t<\/div>\n\t\t","protected":false},"excerpt":{"rendered":"<p>Ja, kaj naj re\u010dem? Vedno je najte\u017eje povedati kaj o sebi \u2026 Za\u010delo se je nekako tako. Prihajam iz dru\u017eine, ki je bila vedno predana \u00bbfuzbalu\u00ab in v otro\u0161tvu nisem niti pomislil, da bi se ukvarjal\u00a0 s \u010dim drugim kot nogometom, kaj \u0161ele z glasbo. Na kak\u0161nih dru\u017einskih praznovanjih, avtobusih itd \u2026 sem \u017ee kak\u0161no [&hellip;]<\/p>\n","protected":false},"author":1,"featured_media":0,"parent":0,"menu_order":0,"comment_status":"closed","ping_status":"closed","template":"elementor_canvas","meta":{"_acf_changed":false,"footnotes":""},"class_list":["post-191","page","type-page","status-publish","hentry"],"acf":[],"yoast_head":"<!-- This site is optimized with the Yoast SEO plugin v22.8 - https:\/\/yoast.com\/wordpress\/plugins\/seo\/ -->\n<title>O meni - Dejan Vivod<\/title>\n<meta name=\"robots\" content=\"index, follow, max-snippet:-1, max-image-preview:large, max-video-preview:-1\" \/>\n<link rel=\"canonical\" href=\"https:\/\/dejanvivod.com\/index.php\/o-meni\/\" \/>\n<meta property=\"og:locale\" content=\"en_US\" \/>\n<meta property=\"og:type\" content=\"article\" \/>\n<meta property=\"og:title\" content=\"O meni - Dejan Vivod\" \/>\n<meta property=\"og:description\" content=\"Ja, kaj naj re\u010dem? Vedno je najte\u017eje povedati kaj o sebi \u2026 Za\u010delo se je nekako tako. Prihajam iz dru\u017eine, ki je bila vedno predana \u00bbfuzbalu\u00ab in v otro\u0161tvu nisem niti pomislil, da bi se ukvarjal\u00a0 s \u010dim drugim kot nogometom, kaj \u0161ele z glasbo. Na kak\u0161nih dru\u017einskih praznovanjih, avtobusih itd \u2026 sem \u017ee kak\u0161no [&hellip;]\" \/>\n<meta property=\"og:url\" content=\"https:\/\/dejanvivod.com\/index.php\/o-meni\/\" \/>\n<meta property=\"og:site_name\" content=\"Dejan Vivod\" \/>\n<meta property=\"article:modified_time\" content=\"2024-06-14T09:21:21+00:00\" \/>\n<meta property=\"og:image\" content=\"https:\/\/dejanvivod.com\/wp-content\/uploads\/2024\/06\/ozadje-vivod.webp\" \/>\n<meta name=\"twitter:card\" content=\"summary_large_image\" \/>\n<meta name=\"twitter:label1\" content=\"Est. reading time\" \/>\n\t<meta name=\"twitter:data1\" content=\"2 minutes\" \/>\n<script type=\"application\/ld+json\" class=\"yoast-schema-graph\">{\"@context\":\"https:\/\/schema.org\",\"@graph\":[{\"@type\":\"WebPage\",\"@id\":\"https:\/\/dejanvivod.com\/index.php\/o-meni\/\",\"url\":\"https:\/\/dejanvivod.com\/index.php\/o-meni\/\",\"name\":\"O meni - Dejan Vivod\",\"isPartOf\":{\"@id\":\"https:\/\/dejanvivod.com\/#website\"},\"primaryImageOfPage\":{\"@id\":\"https:\/\/dejanvivod.com\/index.php\/o-meni\/#primaryimage\"},\"image\":{\"@id\":\"https:\/\/dejanvivod.com\/index.php\/o-meni\/#primaryimage\"},\"thumbnailUrl\":\"https:\/\/dejanvivod.com\/wp-content\/uploads\/2024\/06\/ozadje-vivod.webp\",\"datePublished\":\"2024-06-10T18:51:11+00:00\",\"dateModified\":\"2024-06-14T09:21:21+00:00\",\"breadcrumb\":{\"@id\":\"https:\/\/dejanvivod.com\/index.php\/o-meni\/#breadcrumb\"},\"inLanguage\":\"en-US\",\"potentialAction\":[{\"@type\":\"ReadAction\",\"target\":[\"https:\/\/dejanvivod.com\/index.php\/o-meni\/\"]}]},{\"@type\":\"ImageObject\",\"inLanguage\":\"en-US\",\"@id\":\"https:\/\/dejanvivod.com\/index.php\/o-meni\/#primaryimage\",\"url\":\"https:\/\/dejanvivod.com\/wp-content\/uploads\/2024\/06\/ozadje-vivod.webp\",\"contentUrl\":\"https:\/\/dejanvivod.com\/wp-content\/uploads\/2024\/06\/ozadje-vivod.webp\",\"width\":1554,\"height\":1034},{\"@type\":\"BreadcrumbList\",\"@id\":\"https:\/\/dejanvivod.com\/index.php\/o-meni\/#breadcrumb\",\"itemListElement\":[{\"@type\":\"ListItem\",\"position\":1,\"name\":\"Home\",\"item\":\"https:\/\/dejanvivod.com\/\"},{\"@type\":\"ListItem\",\"position\":2,\"name\":\"O meni\"}]},{\"@type\":\"WebSite\",\"@id\":\"https:\/\/dejanvivod.com\/#website\",\"url\":\"https:\/\/dejanvivod.com\/\",\"name\":\"Dejan Vivod\",\"description\":\"Da ne ostane skrito\",\"potentialAction\":[{\"@type\":\"SearchAction\",\"target\":{\"@type\":\"EntryPoint\",\"urlTemplate\":\"https:\/\/dejanvivod.com\/?s={search_term_string}\"},\"query-input\":\"required name=search_term_string\"}],\"inLanguage\":\"en-US\"}]}<\/script>\n<!-- \/ Yoast SEO plugin. -->","yoast_head_json":{"title":"O meni - Dejan Vivod","robots":{"index":"index","follow":"follow","max-snippet":"max-snippet:-1","max-image-preview":"max-image-preview:large","max-video-preview":"max-video-preview:-1"},"canonical":"https:\/\/dejanvivod.com\/index.php\/o-meni\/","og_locale":"en_US","og_type":"article","og_title":"O meni - Dejan Vivod","og_description":"Ja, kaj naj re\u010dem? Vedno je najte\u017eje povedati kaj o sebi \u2026 Za\u010delo se je nekako tako. Prihajam iz dru\u017eine, ki je bila vedno predana \u00bbfuzbalu\u00ab in v otro\u0161tvu nisem niti pomislil, da bi se ukvarjal\u00a0 s \u010dim drugim kot nogometom, kaj \u0161ele z glasbo. Na kak\u0161nih dru\u017einskih praznovanjih, avtobusih itd \u2026 sem \u017ee kak\u0161no [&hellip;]","og_url":"https:\/\/dejanvivod.com\/index.php\/o-meni\/","og_site_name":"Dejan Vivod","article_modified_time":"2024-06-14T09:21:21+00:00","og_image":[{"url":"https:\/\/dejanvivod.com\/wp-content\/uploads\/2024\/06\/ozadje-vivod.webp"}],"twitter_card":"summary_large_image","twitter_misc":{"Est. reading time":"2 minutes"},"schema":{"@context":"https:\/\/schema.org","@graph":[{"@type":"WebPage","@id":"https:\/\/dejanvivod.com\/index.php\/o-meni\/","url":"https:\/\/dejanvivod.com\/index.php\/o-meni\/","name":"O meni - Dejan Vivod","isPartOf":{"@id":"https:\/\/dejanvivod.com\/#website"},"primaryImageOfPage":{"@id":"https:\/\/dejanvivod.com\/index.php\/o-meni\/#primaryimage"},"image":{"@id":"https:\/\/dejanvivod.com\/index.php\/o-meni\/#primaryimage"},"thumbnailUrl":"https:\/\/dejanvivod.com\/wp-content\/uploads\/2024\/06\/ozadje-vivod.webp","datePublished":"2024-06-10T18:51:11+00:00","dateModified":"2024-06-14T09:21:21+00:00","breadcrumb":{"@id":"https:\/\/dejanvivod.com\/index.php\/o-meni\/#breadcrumb"},"inLanguage":"en-US","potentialAction":[{"@type":"ReadAction","target":["https:\/\/dejanvivod.com\/index.php\/o-meni\/"]}]},{"@type":"ImageObject","inLanguage":"en-US","@id":"https:\/\/dejanvivod.com\/index.php\/o-meni\/#primaryimage","url":"https:\/\/dejanvivod.com\/wp-content\/uploads\/2024\/06\/ozadje-vivod.webp","contentUrl":"https:\/\/dejanvivod.com\/wp-content\/uploads\/2024\/06\/ozadje-vivod.webp","width":1554,"height":1034},{"@type":"BreadcrumbList","@id":"https:\/\/dejanvivod.com\/index.php\/o-meni\/#breadcrumb","itemListElement":[{"@type":"ListItem","position":1,"name":"Home","item":"https:\/\/dejanvivod.com\/"},{"@type":"ListItem","position":2,"name":"O meni"}]},{"@type":"WebSite","@id":"https:\/\/dejanvivod.com\/#website","url":"https:\/\/dejanvivod.com\/","name":"Dejan Vivod","description":"Da ne ostane skrito","potentialAction":[{"@type":"SearchAction","target":{"@type":"EntryPoint","urlTemplate":"https:\/\/dejanvivod.com\/?s={search_term_string}"},"query-input":"required name=search_term_string"}],"inLanguage":"en-US"}]}},"_links":{"self":[{"href":"https:\/\/dejanvivod.com\/index.php\/wp-json\/wp\/v2\/pages\/191","targetHints":{"allow":["GET"]}}],"collection":[{"href":"https:\/\/dejanvivod.com\/index.php\/wp-json\/wp\/v2\/pages"}],"about":[{"href":"https:\/\/dejanvivod.com\/index.php\/wp-json\/wp\/v2\/types\/page"}],"author":[{"embeddable":true,"href":"https:\/\/dejanvivod.com\/index.php\/wp-json\/wp\/v2\/users\/1"}],"replies":[{"embeddable":true,"href":"https:\/\/dejanvivod.com\/index.php\/wp-json\/wp\/v2\/comments?post=191"}],"version-history":[{"count":0,"href":"https:\/\/dejanvivod.com\/index.php\/wp-json\/wp\/v2\/pages\/191\/revisions"}],"wp:attachment":[{"href":"https:\/\/dejanvivod.com\/index.php\/wp-json\/wp\/v2\/media?parent=191"}],"curies":[{"name":"wp","href":"https:\/\/api.w.org\/{rel}","templated":true}]}}